ime factors of -2 - (205/(-3) - 5/n)?
2, 3, 11
Suppose 2*f - 7390 = 5*b, 3*f + 5*b = -0*f + 11035. List the prime factors of f.
5, 11, 67
Let y = -48 + -719. Let i = 307 - y. Suppose 5*b - 291 = i. List the prime factors of b.
3, 7, 13
Let t be (0/1)/(5/(-5)). Suppose t = 158*p - 153*p - 2290. What are the prime factors of p?
2, 229
List the prime factors of (3 - 30915/(-25))/((-4)/(-20)).
2, 3, 1033
Let g = 201 + -123. Suppose h + p = 159, -6*p = 4*h - 10*p - 612. Suppose 3*o = h + g. List the prime factors of o.
2, 3, 13
Let t(g) = 1687*g**2 + 62*g - 414. List the prime factors of t(6).
2, 3, 5, 7, 17
Suppose d = h + 6*d - 6, 1 = -2*h + 3*d. Let u(n) = 3 + n + 85*n**2 - h - 3. What are the prime factors of u(1)?
5, 17
Suppose -4*b = -2*i + 2242, 3*b + 915 + 749 = -2*i. Let d = -51 - b. List the prime factors of d.
3, 13
Let j = 258 - 254. Suppose 0 = -j*i + 2670 + 302. What are the prime factors of i?
743
Let d be (3 + -2)*35/7. Suppose 2*k = d*k - 15. Suppose k*w - g = -6*g + 445, 0 = 3*w + 4*g - 268. What are the prime factors of w?
2, 11
Suppose -3379 = 28*f - 11415. Let x = f + 295. What are the prime factors of x?
2, 3, 97
Let y(j) = -6*j**3 - 7*j**2 - 13*j - 63. List the prime factors of y(-10).
3, 1789
Let l(i) = -8*i + 28 - 62*i**2 + 23*i**2 + 10*i**2 - 70*i + i**3. List the prime factors of l(33).
2, 5, 181
Suppose 4*j = -3*v + 2*v + 10, -5*v - 13 = -j. Suppose 12*s - 9*s = -j. Let l(h) = -10*h**3 - h**2 - 3*h - 1. List the prime factors of l(s).
11
Suppose 13*i - 18721 = -4*u + 10*i, u - 4676 = -5*i. List the prime factors of u.
31, 151
Let h be 7305/20 - (-2 + (-36)/(-16)). Let d = 539 - h. Suppose 718 = 4*o + 5*k + d, 0 = k - 4. What are the prime factors of o?
131
Let b(p) = 3*p - 145. Let j be b(50). Suppose j*w - 2658 = 167. What are the prime factors of w?
5, 113
Suppose -g + 3*c = 3*g - 60, g - 5*c - 15 = 0. Suppose g - 14 = k. Let n(z) = 115*z**2 + z. List the prime factors of n(k).
2, 29
Suppose -6 = 2*o - 30. Let l be -64*2*(-17)/4. Suppose l = o*s - 4*s. List the prime factors of s.
2, 17
Suppose -25*i + 21*i + 16589 = -3*v, -3*v = 5*i - 20743. List the prime factors of i.
2, 17, 61
Suppose 15110 = 4*f + l, -3*f + 4*l = -8805 - 2518. What are the prime factors of f?
3, 1259
Let n(u) = 50*u**2 - 92*u + 488. List the prime factors of n(6).
2, 7, 31
Suppose 0 = 5*h - 2*m - 484, 3*h - 386 = -h + m. Let l = h - 92. What are the prime factors of 174/l*(-1 - -5)?
2, 3, 29
Suppose -2*c = -4*f + 26, 4*f = 5*c - 2*c + 27. Let z be f/10 - (-14)/10. Suppose -a = -z*l + 4*a + 23, -34 = -l - 2*a. List the prime factors of l.
2, 3
Let g(l) = 7*l**2 + 10*l + 1. Let i = 14 + -21. Let w be (i + 4)/(6/8). What are the prime factors of g(w)?
73
Suppose -16 = q - 2*v, 3*q + 9*v = 10*v - 38. Let x(j) = -j**2 - 24*j - 13. List the prime factors of x(q).
131
Let o be 26/(-65) + (-482)/(-5) + -1. Let l = 524 - o. Let y = l - 245. List the prime factors of y.
2, 23
Let l = 48943 + -15826. List the prime factors of l.
3, 7, 19, 83
Suppose 108 = 4*k - 4*p, p - 141 = -0*k - 5*k. Let q(b) = 31*b + 348. What are the prime factors of q(k)?
2, 19
Let m(c) = -c**2 + 23*c - 24. Suppose 21 - 1 = 4*r. Suppose 0 = -r*u + 86 - 31. What are the prime factors of m(u)?
2, 3
Suppose -25491 = -4*p + d, 3*d = 2*p - p - 6370. What are the prime factors of p?
6373
Let x = -151 - -246. Let d = 192 - x. List the prime factors of d.
97
Suppose -11*q - 48*q - 590 = 0. What are the prime factors of 181/(((-30)/9)/q)?
3, 181
Let a(g) = 42*g + 89. Let k be a(-2). Suppose -3*m = 4*n - 3652, n + 0*m - k*m - 913 = 0. List the prime factors of n.
11, 83
Suppose 10*b - 2*b + 34488 = 14*b. What are the prime factors of b?
2, 3, 479
Suppose -24 = -10*h + 4*h. Suppose o + 3*t = -h*o + 34, -2*o + t = -18. Suppose 0 = u + o*u - 630. What are the prime factors of u?
2, 5, 7
Let o = -68 - -113. Suppose o*h = 48*h - 18. What are the prime factors of h/(-2)*(19*-2 + 2)?
2, 3
Let z = -359 + 1577. Suppose -3*w - 297 + z = 0. List the prime factors of w.
307
Let d(c) = -595*c + 1590. What are the prime factors of d(-14)?
2, 5, 31
Let y(r) = -r**3 - 11*r**2 + 27*r + 11. Let m be y(-13). What are the prime factors of m*31/2*-3?
3, 31
List the prime factors of (-28*8/(-28))/(8/5536).
2, 173
Suppose -7*w = -w - 192. Let b be 1236/w - -4 - (-3)/8. List the prime factors of b - (4/(-4) + 3).
41
Suppose 4357*b = 4361*b - 29648. List the prime factors of b.
2, 17, 109
Let u(i) = -550*i - 3158. What are the prime factors of u(-161)?
2, 3, 593
Suppose 0 = 5*d - 5*i + 1625, 0 = -i - 1 + 4. Let w = 167 - d. List the prime factors of w.
3, 163
Let g = -48 + 63. Suppose -m - 10 = -g. Suppose -3*o = -3*z - 210, -5*o + o + 280 = -m*z. List the prime factors of o.
2, 5, 7
Suppose -42 = 9*w - 2*w. Let p(r) = -r**2 - 7*r - 9. Let m be p(w). What are the prime factors of ((-5 - m) + 5)*19?
3, 19
Let n(p) = -p**3 + p**2 - 2*p - 80. Let f be n(0). List the prime factors of (-32)/f*(-835)/(-2).
167
Let c = 249 - 244. Let m(j) = 126*j + 83. List the prime factors of m(c).
23, 31
Let v(h) be the third derivative of h**6/120 + 11*h**5/30 - 11*h**4/8 + h**3/6 - h**2 - 13*h. What are the prime factors of v(-23)?
3, 7, 11
Let x(r) = 22*r**2 + 24*r - 16. Let p be x(-20). Suppose 0*u = -8*u + p. What are the prime factors of u?
2, 3, 173
Let n = 3783 - 1546. What are the prime factors of n?
2237
Suppose 0 = 6*w - 113 + 17. Suppose -5*c + 66 = w. What are the prime factors of 4/c*1 - 206/(-10)?
3, 7
Let g(w) = w**3 + 8*w**2 - 5*w + 29. Let s be g(-9). Let o(m) = m**3 + 11*m**2 + 13*m + 22. List the prime factors of o(s).
127
Let t = 5879 - -33114. What are the prime factors of t?
38993
Let k(s) = 5*s**2 - 2*s. Let i be k(2). Suppose -i = 5*b - 13*b. Suppose -24 = -4*l - 2*q, 0 = 4*q - b - 6. What are the prime factors of l?
5
What are the prime factors of ((-107952)/(-468))/((-1)/(-129))?
2, 43, 173
Let q(g) = 54*g + 154. List the prime factors of q(-2).
2, 23
Suppose -4*u - 508 = -6464. Let h = -435 + u. What are the prime factors of h?
2, 17, 31
What are the prime factors of -2*12/12 + 2079?
31, 67
Suppose -57*z + 167590 + 212486 = 0. What are the prime factors of z?
2, 1667
Let w = 147251 + -102570. List the prime factors of w.
7, 13, 491
Let d(i) = 1047*i - 1897. What are the prime factors of d(6)?
5, 877
Suppose -5*r + 0*c + 18 = 2*c, 5*r - 15 = -5*c. Let b(i) = 9*i**3 - 7*i**2 - 9*i + 9. What are the prime factors of b(r)?
19, 23
Let g be (7398/12 + -5)*2. Suppose 832 + g = 3*w - 3*p, 0 = -4*p - 16. List the prime factors of w.
3, 227
Suppose 884 = 19*l - 281266. What are the prime factors of l?
2, 3, 5, 11
Let j be -4 - (-1 + 2)*-7. Suppose 38 + 43 = j*c. Suppose -c + 12 = -5*h. What are the prime factors of h?
3
Suppose 105*a = 53236 + 70341 + 627803. What are the prime factors of a?
2, 1789
Let v(j) = 12*j**3 + j**2 - 3*j + 1. Let s be v(1). Suppose -34*u + s*u = -32637. What are the prime factors of u?
3, 11, 43
Let j = 66769 - 36958. What are the prime factors of j?
3, 19, 523
Let t(c) be the third derivative of 0*c - 13/24*c**4 + 0 - 9*c**2 + 1/2*c**3. List the prime factors of t(-5).
2, 17
Let i = 2521 - -3619. What are the prime factors of i?
2, 5, 307
Suppose 16*o + 7*o - 823550 = -3*o. What are the prime factors of o?
5, 7, 181
Let i(n) = -27*n**2 - 22*n - 45. Let q be i(-6). Let m = q - -1539. What are the prime factors of m?
2, 3, 109
Let y = -795 + 869. Suppose 2*b = 4*f + 1810, -79*f + 1765 = 2*b - y*f. List the prime factors of b.
5, 179
Let m = 522 + -547. Let k = 29 - m. List the prime factors of k.
2, 3
Suppose 4*q - 5*p - 6 = -2, 0 = -5*q - 2*p - 28. Let l be 5 - 63/12 - 21/q. Suppose l*b - 340 - 60 = 0. List the prime factors of b.
2, 5
Let y = -3146 - -4300. List the prime factors of y.
2, 577
Let z(d) = -4*d + 8. Let i(n) = n**2 - 4*n + 4. Let y be i(4). Suppose 0 = -3*r - 3, 0 = 5*h - y*r + 4 - 3. What are the prime factors of z(h)?
2, 3
Let c = 16 + 17. Let v = c + -31. Suppose -55 = -v*f + 47. What are the prime factors of f?
3, 17
Let p = 148 - 298. Let q = p + 253. List the prime factors of q.
103
Let w be (24/(-30))/((-10)/75). What are the prime factors of (-919)/(w/14 + 20/(-14))?
919
Suppose 5*z + 2*t = 62421, 0 = z - 14*t + 17*t - 12479. What are the prime factors of z?
5, 11, 22